
20
What is the remainder when 326 is divided by 9?
2
Calculate the remainder when 6467 is divided by 12.
11
Calculate the remainder when 3413 is divided by 74.
9
What is the remainder when 13822 is divided by 96?
94
What is the remainder when 1035 is divided by 213?
183
What is the remainder when 17303 is divided by 5?
3
Calculate the remainder when 1432 is divided by 12.
4
Calculate the remainder when 6593 is divided by 3291.
11
Calculate the remainder when 97 is divided by 25.
22
Calculate the remainder when 2145 is divided by 107.
5
What is the remainder when 138 is divided by 36?
30
Calculate the remainder when 609 is divided by 47.
45
Calculate the remainder when 48536 is divided by 9.
8
What is the remainder when 468 is divided by 29?
4
What is the remainder when 673 is divided by 113?
108
Calculate the remainder when 65 is divided by 37.
28
Calculate the remainder when 894 is divided by 18.
12
Calculate the remainder when 24 is divided by 13.
11
What is the remainder when 407 is divided by 136?
135
What is the remainder when 416 is divided by 19?
17
What is the remainder when 104 is divided by 1?
0
Calculate the remainder when 55 is divided by 21.
13
Calculate the remainder when 459 is divided by 224.
11
What is the remainder when 223 is divided by 25?
23
What is the remainder when 261 is divided by 38?
33
What is the remainder when 134 is divided by 46?
42
What is the remainder when 3839 is divided by 12?
11
Calculate the remainder when 1362 is divided by 84.
18
Calculate the remainder when 512 is divided by 501.
11
What is the remainder when 5555 is divided by 12?
11
What is the remainder when 279 is divided by 26?
19
What is the remainder when 139 is divided by 7?
6
What is the remainder when 1136 is divided by 82?
70
Calculate the remainder when 104 is divided by 10.
4
Calculate the remainder when 4 is divided by 4.
0
Calculate the remainder when 82 is divided by 44.
38
What is the remainder when 536 is divided by 18?
14
Calculate the remainder when 5995 is divided by 50.
45
What is the remainder when 2392 is divided by 795?
7
What is the remainder when 5624 is divided by 12?
8
Calculate the remainder when 1234 is divided by 12.
10
Calculate the remainder when 6257 is divided by 20.
17
Calculate the remainder when 677 is divided by 85.
82
Calculate the remainder when 5334 is divided by 17.
13
What is the remainder when 255 is divided by 39?
21
What is the remainder when 2072 is divided by 433?
340
What is the remainder when 395 is divided by 21?
17
What is the remainder when 1464 is divided by 13?
8
Calculate the remainder when 1246 is divided by 414.
4
What is the remainder when 1447 is divided by 63?
61
Calculate the remainder when 9379 is divided by 67.
66
What is the remainder when 16076 is divided by 2296?
4
Calculate the remainder when 151 is divided by 9.
7
What is the remainder when 5897 is divided by 6?
5
Calculate the remainder when 51 is divided by 13.
12
Calculate the remainder when 249 is divided by 120.
9
What is the remainder when 80 is divided by 77?
3
Calculate the remainder when 119 is divided by 11.
9
What is the remainder when 432 is divided by 62?
60
Calculate the remainder when 821 is divided by 78.
41
Calculate the remainder when 1902 is divided by 17.
15
Calculate the remainder when 70 is divided by 8.
6
What is the remainder when 1726 is divided by 54?
52
Calculate the remainder when 6120 is divided by 24.
0
What is the remainder when 3 is divided by 3?
0
What is the remainder when 8075 is divided by 80?
75
What is the remainder when 1801 is divided by 89?
21
Calculate the remainder when 35 is divided by 24.
11
What is the remainder when 15 is divided by 10?
5
What is the remainder when 21 is divided by 21?
0
What is the remainder when 479 is divided by 26?
11
What is the remainder when 333 is divided by 247?
86
Calculate the remainder when 4231 is divided by 55.
51
Calculate the remainder when 354 is divided by 77.
46
What is the remainder when 189 is divided by 15?
9
What is the remainder when 260 is divided by 148?
112
What is the remainder when 32 is divided by 2?
0
Calculate the remainder when 412 is divided by 137.
1
Calculate the remainder when 2716 is divided by 72.
52
Calculate the remainder when 82 is divided by 34.
14
What is the remainder when 1168 is divided by 236?
224
Calculate the remainder when 19107 is divided by 35.
32
Calculate the remainder when 590 is divided by 31.
1
Calculate the remainder when 74 is divided by 44.
30
Calculate the remainder when 239 is divided by 59.
3
What is the remainder when 21746 is divided by 91?
88
Calculate the remainder when 225 is divided by 4.
1
What is the remainder when 136 is divided by 44?
4
What is the remainder when 35249 is divided by 25?
24
Calculate the remainder when 60 is divided by 22.
16
What is the remainder when 332 is divided by 99?
35
Calculate the remainder when 106 is divided by 16.
10
What is the remainder when 113 is divided by 13?
9
What is the remainder when 5842 is divided by 12?
10
What is the remainder when 1197 is divided by 53?
31
Calculate the remainder when 314 is divided by 79.
77
Calculate the remainder when 2850 is divided by 23.
21
Calculate the remainder when 1164 is divided by 350.
114
What is the remainder when 28 is divided by 5?
3
Calculate the remainder when 122 is divided by 62.
60
Calculate the remainder when 166 is divided by 24.
22
Calculate the remainder when 6425 is divided by 165.
155
What is the remainder when 263 is divided by 11?
10
Calculate the remainder when 2590 is divided by 48.
46
Calculate the remainder when 208 is divided by 21.
19
What is the remainder when 52 is divided by 4?
0
What is the remainder when 54 is divided by 14?
12
Calculate the remainder when 303 is divided by 7.
2
Calculate the remainder when 467 is divided by 12.
11
What is the remainder when 1023 is divided by 54?
51
What is the remainder when 5256 is divided by 7?
6
Calculate the remainder when 7557 is divided by 126.
123
Calculate the remainder when 223 is divided by 29.
20
Calculate the remainder when 39 is divided by 5.
4
What is the remainder when 4948 is divided by 150?
148
Calculate the remainder when 540 is divided by 95.
65
What is the remainder when 711 is divided by 67?
41
Calculate the remainder when 168 is divided by 122.
46
Calculate the remainder when 21 is divided by 16.
5
Calculate the remainder when 99 is divided by 72.
27
Calculate the remainder when 28609 is divided by 10.
9
What is the remainder when 3084 is divided by 9?
6
What is the remainder when 374 is divided by 142?
90
What is the remainder when 308 is divided by 5?
3
What is the remainder when 77 is divided by 3?
2
What is the remainder when 1150 is divided by 21?
16
Calculate the remainder when 346 is divided by 27.
22
Calculate the remainder when 2367 is divided by 74.
73
Calculate the remainder when 343 is divided by 69.
67
Calculate the remainder when 1786 is divided by 1786.
0
What is the remainder when 285 is divided by 139?
7
Calculate the remainder when 349 is divided by 10.
9
Calculate the remainder when 946 is divided by 95.
91
What is the remainder when 3180 is divided by 452?
16
Calculate the remainder when 142 is divided by 115.
27
What is the remainder when 258 is divided by 145?
113
What is the remainder when 1126 is divided by 23?
22
Calculate the remainder when 205 is divided by 129.
76
Calculate the remainder when 33 is divided by 13.
7
Calculate the remainder when 958 is divided by 475.
8
Calculate the remainder when 89 is divided by 37.
15
Calculate the remainder when 52 is divided by 28.
24
What is the remainder when 54 is divided by 20?
14
Calculate the remainder when 1118 is divided by 20.
18
What is the remainder when 758 is divided by 11?
10
What is the remainder when 122 is divided by 32?
26
What is the remainder when 17 is divided by 5?
2
Calculate the remainder when 1143 is divided by 2.
1
What is the remainder when 601 is divided by 7?
6
What is the remainder when 286 is divided by 32?
30
What is the remainder when 637 is divided by 8?
5
Calculate the remainder when 200 is divided by 102.
98
What is the remainder when 143 is divided by 67?
9
What is the remainder when 164 is divided by 135?
29
What is the remainder wh